e prime factors of w?
3, 71
Let a be (2/2 - -331)/2*1. Suppose 0 = -2*s + 5*y + a, 108 = s - 3*y + 23. List the prime factors of s.
73
Suppose -8 = 6*x + 10. Let v be 0 - (9 + 3)/x. Suppose v*f - 120 - 152 = 0. What are the prime factors of f?
2, 17
Let j(q) = -10*q - 2. Let c be j(1). Let s = 48 - c. Let t = s - 25. What are the prime factors of t?
5, 7
Suppose -4*o - k + 4*k + 426 = 0, -k = 3*o - 313. What are the prime factors of o?
3, 5, 7
Let w(u) be the second derivative of -13*u**3/6 - 15*u**2/2 + 31*u. What are the prime factors of w(-9)?
2, 3, 17
Let f(y) = -6*y**2 - 2*y + 5. Let l be f(4). Suppose -6*g - x + 581 = -2*g, -2*x = 6. Let v = l + g. What are the prime factors of v?
47
Let x be (84/98)/(2/518). Let d = x - 3. What are the prime factors of d?
3, 73
Let x be 15*1/3*-5. Let h = 161 - 150. Let z = h - x. List the prime factors of z.
2, 3
Suppose -4*r + 3 = -4*b + 19, 2*b - 2 = 4*r. Suppose -b*g + 32 = -5*g. List the prime factors of g.
2
Suppose -3*h - h + 5*g = -1858, -468 = -h + 3*g. Suppose 5*j - h = -d, d = j - 0*j - 90. What are the prime factors of 6/(-21) - j/(-28)?
3
Let x(p) = 42*p + 9. Let i be (1 + (-56)/35)*(-5)/1. List the prime factors of x(i).
3, 5
Suppose 0 = 4*a - 3*m - 17, 4*m = 2*m + 2. Suppose 5*p - 3*p + a*z - 37 = 0, 3*p + 5*z = 53. List the prime factors of 4*4/(p/69).
3, 23
Let g(p) = -p**3 + 8*p**2 - 3*p + 4. Let i(u) = 2*u**3 - 9*u**2 + 4*u - 5. Let f = 1 + -6. Let k(z) = f*i(z) - 6*g(z). List the prime factors of k(-2).
5
Let o = 2723 - 1687. What are the prime factors of o?
2, 7, 37
Suppose 0 = 4*f + o - 3131, 3*o + 256 = -3*f + 2602. List the prime factors of f.
3, 29
Let x be 665/4*(-11 + 7). List the prime factors of (-12)/10*x/14.
3, 19
What are the prime factors of ((-24)/(-14))/((-673)/(-112) - 6)?
2, 3
Suppose 0*q = -3*q + 9. Suppose n + 10 = 4*a + 88, 200 = q*n + 5*a. List the prime factors of n.
2, 5, 7
Suppose -2*s - 2*s - 5*m + 31 = 0, -3*m = -2*s - 1. Suppose s*x - 144 - 340 = 0. List the prime factors of x.
11
Let x(h) = -35*h**2. Let p be x(-1). Let s(c) = -c**2 + 18*c - 73. Let y be s(8). Let r = y - p. List the prime factors of r.
2, 3, 7
Let g be 277 - (0 + (-4)/(-2)). Suppose 0 = -5*r + 2*t + g, -3*r + 2*r + 3*t + 68 = 0. List the prime factors of r.
53
Let a = -662 - -984. What are the prime factors of a?
2, 7, 23
Suppose -4 - 2 = 3*f, -4*t + 2*f + 4 = 0. Let c = -2 - -100. Suppose t = 5*o + 5*x - x - 102, 4*o = 5*x + c. List the prime factors of o.
2, 11
Let k be (-30)/(-25)*(-20)/(-6). Suppose 2 = l - k. What are the prime factors of ((-2)/(-6))/(l/936)?
2, 13
Let n(r) be the first derivative of -r**2 + 6*r + 1. List the prime factors of n(-3).
2, 3
Suppose -5*x - j = -277, x = -0*x - 5*j + 41. Suppose -2*y - x = 4*n - 10, 18 = -y + 3*n. List the prime factors of (5 + -4)*y/(-3).
7
Suppose 12 = -7*y + 9*y. Suppose -4*n = -3*q - 15, -3*n - y + 20 = -5*q. Suppose -3*z = 3*r - 78, -4*z - 7 + n = 0. What are the prime factors of r?
3
Suppose -2*f - t + 38 = -0*f, 5*t = -2*f + 46. Let c = f - 15. Let m(q) = -q**3 + 3*q**2 + q + 4. What are the prime factors of m(c)?
7
Let n = -14 + 24. Let g = -4 + n. List the prime factors of ((-36)/(-8))/(g/8).
2, 3
What are the prime factors of ((-105)/(-60))/(4/1008)?
3, 7
Let l = 3 - 1. Let u be ((-12)/l)/(-2) + -2. List the prime factors of 26 + (u - 0)/(-1).
5
Let v(t) = t**2 + 3*t + 6. Let l be v(-3). Suppose 5*w - 9 = -3*x, -2*x + 2*w + l = -0*x. Suppose x = r - 3. List the prime factors of r.
2, 3
Let g be (-1 + 1)/(-4) + 0. Suppose -3*n - 3*l - 3 = 0, g*n + 2*n + 4*l + 8 = 0. What are the prime factors of n?
2
Let h(v) = -6*v + 21. Let f(a) = a. Let x(g) = 4*f(g) - h(g). What are the prime factors of x(9)?
3, 23
Let q = 8 + -4. Suppose -2*i = -q*t + 22 + 140, -4*i = -4*t + 168. Suppose 2*j + 5*x + 63 = 4*j, j - t = 4*x. List the prime factors of j.
19
Let q(k) = -8*k - 42. Let a be q(-13). Let r = 7 + a. What are the prime factors of r?
3, 23
Suppose -2*a = -5*y + 942, -153 + 625 = -a + 3*y. Let p = a + 701. List the prime factors of p.
5, 47
Let l(p) = -71*p + 11. List the prime factors of l(-5).
2, 3, 61
Suppose -2 = -w - 0*w. Suppose -n + 4*r - 20 = -3, 4*n + w*r = 22. What are the prime factors of n + 1/((-4)/(-76))?
2, 11
Suppose 6*t - 67 + 1 = 0. Suppose -8*d + t*d - 54 = 0. Let r = d - -31. List the prime factors of r.
7
Suppose -3*k + 25 = 2*k. Suppose -k*q + 380 = -q. Let m = 162 - q. List the prime factors of m.
67
Suppose -12 = -7*n + 10*n. What are the prime factors of (-1 - -141)*(84/16 + n)?
5, 7
Let r be 150/4*7/(14/8). Suppose -r - 196 = -3*g + 5*i, 1 = i. List the prime factors of g.
3, 13
What are the prime factors of 5/(-10)*-4790 - (-3)/1?
2, 11, 109
Let p(l) = -l**3 - 8*l**2 + 13*l - 5. Let d be p(-10). Let v = 31 + d. What are the prime factors of v?
2, 3
Suppose 0*n = -2*n. Suppose -x = -n*x. Suppose 15 = z - x*z. What are the prime factors of z?
3, 5
List the prime factors of -2 + (-4 - -5)*-1 - -59.
2, 7
List the prime factors of (-14)/(-98) - (0 - 13214/14).
2, 59
Let f(s) = -15*s + 372. What are the prime factors of f(5)?
3, 11
Let j(v) = v**2 + v + 4. Let a(t) = 2*t + 1. Let h be a(2). Suppose h*m - 9 = 11. What are the prime factors of j(m)?
2, 3
List the prime factors of (162/45)/((-9)/(-150)).
2, 3, 5
Suppose -9956 = -41*s + 25796. List the prime factors of s.
2, 109
List the prime factors of (-2 + 2289/28)*4.
11, 29
Suppose -4*o - 24 = 3*m, -5*o = 4*m + 7 + 23. List the prime factors of (-1496)/66*o/4.
2, 17
Let v = 161 + -139. What are the prime factors of v?
2, 11
Let w be -1 + 14/10 - 12389/(-65). Let r = 382 - w. What are the prime factors of r?
191
Suppose -v = b - 260, 20*b - v - 505 = 18*b. What are the prime factors of b?
3, 5, 17
Let l = 66 + 40. Suppose -340 = -5*w + 5*y, -3*w - 5*y + 244 = 48. Let p = l - w. List the prime factors of p.
3, 13
Let r(x) = 9*x**2 - 37*x + 421. List the prime factors of r(10).
3, 317
Let y(l) = l**3 + 7*l**2 - 5*l + 6. Let a be y(-8). What are the prime factors of (-939)/a - (-1)/(-6)?
2, 13
Suppose 3*r = -3*i + 9063, 6*i - 12085 = -4*r + 3*i. What are the prime factors of r?
2, 1511
Suppose a = -5*z + 824, -2*a + 780 = 3*z - 861. What are the prime factors of a?
3, 7, 13
What are the prime factors of 6 + (-7 - -11) + 293?
3, 101
Let m = 3241 + -1121. What are the prime factors of m?
2, 5, 53
Let q(h) = -2*h**3 + 11*h**2 + 5*h + 6. Let o be q(6). Suppose o*w - 1918 = -7*w. What are the prime factors of w?
2, 137
Let j = -13 + 17. Suppose -26 = -2*s - 4*a + 120, 248 = j*s - 3*a. Suppose -3*u = -22 - s. List the prime factors of u.
29
Suppose 1555 = w + 141. List the prime factors of w.
2, 7, 101
Suppose -3*f = -5*f + 4. Suppose -f*q = 2*q - 108. What are the prime factors of q?
3
Let m(k) = -3*k**3 + k**2 + k + 2. Let j be 8/(-20) + (-16)/10. Let z be 3/j*24/18. What are the prime factors of m(z)?
2, 7
Let f(w) = -w**3 - 6*w**2 - 2*w + 8. Let g be f(-5). Let n be (-12 - g)*3/(-5). Suppose 4*u - 2 = -i, -2*i - n*u - 7 = -26. What are the prime factors of i?
2, 7
Let g(t) = t**2 - 5. Let c be g(0). List the prime factors of (-5 - -1) + c/((-15)/711).
233
Let a(o) = 5*o + 2*o + 8*o + 14*o**2 - 3. What are the prime factors of a(-5)?
2, 17
Let u(q) = q**3 - 28*q**2 + 28*q - 25. Let d be u(27). Suppose -3*t - 3*a + 29 = -10, d*t + 4*a - 34 = 0. What are the prime factors of t?
3
Let k be -33*(340/(-6))/5. Suppose -4*j - m + 502 = -6*m, -3*j = -5*m - k. Suppose 2*u + 2*u - f - j = 0, 3*u - 3*f - 105 = 0. List the prime factors of u.
31
Let f = 36 + -36. Suppose 0 = 5*d - 5*t - 200, -2*d + 5*t + 95 = -f*d. What are the prime factors of d?
5, 7
List the prime factors of (1216 - 5 - -1) + -5.
17, 71
Suppose -496*u + 489*u = -14560. List the prime factors of u.
2, 5, 13
List the prime factors of (8130/(-12))/((-20)/48).
2, 3, 271
Suppose k + 3*n - 34 = 47, -2*k + 3*n + 144 = 0. Let w = -106 + k. Let t = 57 + w. What are the prime factors of t?
2, 13
Suppose -4*w - 1 = -5. Let v be (-4)/(-12) - (-13)/(-3). List the prime factors of (-5 - v)/(w/(-25)).
5
Let m = -537 + 804. List the prime factors of m.
3, 89
Let b = 281 + 66. List the prime factors of b.
347
Let p = -160 + 169. Suppose -1405 = -5*v + 5*x, -4*x - 287 = -v - p*x. What are the prime factors of v?
2, 3, 47
Suppos